{"id":10,"date":"2023-11-07T18:12:36","date_gmt":"2023-11-07T18:12:36","guid":{"rendered":"https:\/\/neoarh.rockhouseevents.ro\/?page_id=10"},"modified":"2023-11-10T11:08:44","modified_gmt":"2023-11-10T11:08:44","slug":"create-your-website-with-blocks","status":"publish","type":"page","link":"https:\/\/neoarh.rockhouseevents.ro\/","title":{"rendered":"Create your website with blocksdsaa"},"content":{"rendered":"\n<h2 class=\"wp-block-heading alignwide has-text-align-wide has-gigantic-font-size\" style=\"line-height:1.1\">NEO-ARH<\/h2>\n\n\n\n<div class=\"wp-block-columns alignwide are-vertically-aligned-center is-style-twentytwentyone-columns-overlap is-layout-flex wp-container-core-columns-is-layout-9d6595d7 wp-block-columns-is-layout-flex\">\n<div class=\"wp-block-column is-vertically-aligned-center is-layout-flow wp-block-column-is-layout-flow\">\n<figure class=\"wp-block-image alignfull size-large is-style-twentytwentyone-image-frame\"><img loading=\"lazy\" decoding=\"async\" width=\"724\" height=\"1024\" src=\"https:\/\/neoarh.rockhouseevents.ro\/wp-content\/uploads\/2023\/11\/neo-arh-724x1024.jpg\" alt=\"\" class=\"wp-image-56\" srcset=\"https:\/\/neoarh.rockhouseevents.ro\/wp-content\/uploads\/2023\/11\/neo-arh-724x1024.jpg 724w, https:\/\/neoarh.rockhouseevents.ro\/wp-content\/uploads\/2023\/11\/neo-arh-212x300.jpg 212w, https:\/\/neoarh.rockhouseevents.ro\/wp-content\/uploads\/2023\/11\/neo-arh-768x1086.jpg 768w, https:\/\/neoarh.rockhouseevents.ro\/wp-content\/uploads\/2023\/11\/neo-arh-1086x1536.jpg 1086w, https:\/\/neoarh.rockhouseevents.ro\/wp-content\/uploads\/2023\/11\/neo-arh-1448x2048.jpg 1448w, https:\/\/neoarh.rockhouseevents.ro\/wp-content\/uploads\/2023\/11\/neo-arh-1568x2218.jpg 1568w, https:\/\/neoarh.rockhouseevents.ro\/wp-content\/uploads\/2023\/11\/neo-arh-scaled.jpg 1810w\" sizes=\"auto, (max-width: 724px) 100vw, 724px\" \/><\/figure>\n\n\n\n<div style=\"height:100px\" aria-hidden=\"true\" class=\"wp-block-spacer\"><\/div>\n\n\n\n<figure class=\"wp-block-image alignfull size-large is-style-twentytwentyone-image-frame\"><img loading=\"lazy\" decoding=\"async\" width=\"1024\" height=\"683\" src=\"https:\/\/neoarh.rockhouseevents.ro\/wp-content\/uploads\/2023\/11\/IMG_6317-1024x683.jpg\" alt=\"\" class=\"wp-image-37\" srcset=\"https:\/\/neoarh.rockhouseevents.ro\/wp-content\/uploads\/2023\/11\/IMG_6317-1024x683.jpg 1024w, https:\/\/neoarh.rockhouseevents.ro\/wp-content\/uploads\/2023\/11\/IMG_6317-300x200.jpg 300w, https:\/\/neoarh.rockhouseevents.ro\/wp-content\/uploads\/2023\/11\/IMG_6317-768x512.jpg 768w, https:\/\/neoarh.rockhouseevents.ro\/wp-content\/uploads\/2023\/11\/IMG_6317-1536x1024.jpg 1536w, https:\/\/neoarh.rockhouseevents.ro\/wp-content\/uploads\/2023\/11\/IMG_6317-2048x1365.jpg 2048w, https:\/\/neoarh.rockhouseevents.ro\/wp-content\/uploads\/2023\/11\/IMG_6317-1568x1045.jpg 1568w\" sizes=\"auto, (max-width: 1024px) 100vw, 1024px\" \/><\/figure>\n\n\n\n<figure class=\"wp-block-image alignfull size-large is-style-twentytwentyone-border\"><img loading=\"lazy\" decoding=\"async\" width=\"1024\" height=\"683\" src=\"https:\/\/neoarh.rockhouseevents.ro\/wp-content\/uploads\/2023\/11\/IMG_6055-1024x683.jpg\" alt=\"\" class=\"wp-image-35\" srcset=\"https:\/\/neoarh.rockhouseevents.ro\/wp-content\/uploads\/2023\/11\/IMG_6055-1024x683.jpg 1024w, https:\/\/neoarh.rockhouseevents.ro\/wp-content\/uploads\/2023\/11\/IMG_6055-300x200.jpg 300w, https:\/\/neoarh.rockhouseevents.ro\/wp-content\/uploads\/2023\/11\/IMG_6055-768x512.jpg 768w, https:\/\/neoarh.rockhouseevents.ro\/wp-content\/uploads\/2023\/11\/IMG_6055-1536x1024.jpg 1536w, https:\/\/neoarh.rockhouseevents.ro\/wp-content\/uploads\/2023\/11\/IMG_6055-2048x1365.jpg 2048w, https:\/\/neoarh.rockhouseevents.ro\/wp-content\/uploads\/2023\/11\/IMG_6055-1568x1045.jpg 1568w\" sizes=\"auto, (max-width: 1024px) 100vw, 1024px\" \/><\/figure>\n<\/div>\n\n\n\n<div class=\"wp-block-column is-vertically-aligned-center is-layout-flow wp-block-column-is-layout-flow\">\n<div style=\"height:100px\" aria-hidden=\"true\" class=\"wp-block-spacer\"><\/div>\n\n\n\n<figure class=\"wp-block-image size-large alignfull size-full is-style-twentytwentyone-border\"><img loading=\"lazy\" decoding=\"async\" width=\"1024\" height=\"640\" src=\"https:\/\/neoarh.rockhouseevents.ro\/wp-content\/uploads\/2023\/11\/IMG_6202-1024x640.jpg\" alt=\"\" class=\"wp-image-36\" srcset=\"https:\/\/neoarh.rockhouseevents.ro\/wp-content\/uploads\/2023\/11\/IMG_6202-1024x640.jpg 1024w, https:\/\/neoarh.rockhouseevents.ro\/wp-content\/uploads\/2023\/11\/IMG_6202-300x188.jpg 300w, https:\/\/neoarh.rockhouseevents.ro\/wp-content\/uploads\/2023\/11\/IMG_6202-768x480.jpg 768w, https:\/\/neoarh.rockhouseevents.ro\/wp-content\/uploads\/2023\/11\/IMG_6202-1536x960.jpg 1536w, https:\/\/neoarh.rockhouseevents.ro\/wp-content\/uploads\/2023\/11\/IMG_6202-2048x1280.jpg 2048w, https:\/\/neoarh.rockhouseevents.ro\/wp-content\/uploads\/2023\/11\/IMG_6202-1568x980.jpg 1568w\" sizes=\"auto, (max-width: 1024px) 100vw, 1024px\" \/><\/figure>\n<\/div>\n<\/div>\n\n\n\n<div style=\"height:50px\" aria-hidden=\"true\" class=\"wp-block-spacer\"><\/div>\n\n\n\n<div class=\"wp-block-columns alignwide is-layout-flex wp-container-core-columns-is-layout-9d6595d7 wp-block-columns-is-layout-flex\">\n<div class=\"wp-block-column is-vertically-aligned-top is-layout-flow wp-block-column-is-layout-flow\">\n<h3 class=\"wp-block-heading\">Film<\/h3>\n\n\n\n<p>Filmul documentar are o durat\u0103 de aproximativ 20 de minute \u0219i beneficiaz\u0103 de muzic\u0103 original\u0103. Tehnica folosit\u0103 pentru crearea documentarului con\u021bine elemente specifice de video-art pentru a accentua caracterul inedit \u0219i plurivalent al mesajului. Filmul este subtitrat \u00een limba englez\u0103.<\/p>\n<\/div>\n\n\n\n<div class=\"wp-block-column is-vertically-aligned-top is-layout-flow wp-block-column-is-layout-flow\">\n<h3 class=\"wp-block-heading\">Expozi\u021bie <\/h3>\n\n\n\n<p>Cele mai expresive dou\u0103zeci de fotografii machetate \u0219i panotate individual \u00een tablouri de 100&#215;70 cm constituie o expozi\u021bie permanent\u0103 accesibil\u0103 \u00een orice moment publicului timi\u0219orean, turi\u0219tilor rom\u00e2ni \u0219i str\u0103ini, dar \u0219i speciali\u0219tilor \u00een domeniile artelor vizuale.<\/p>\n\n\n\n<p><\/p>\n<\/div>\n\n\n\n<div class=\"wp-block-column is-vertically-aligned-top is-layout-flow wp-block-column-is-layout-flow\">\n<h3 class=\"wp-block-heading\">Hart\u0103 cl\u0103diri<\/h3>\n\n\n\n<p>Pe hart\u0103 sunt eviden\u021biate principalele cl\u0103diri \u00een stil neorom\u00e2nesc din ora\u0219ul Timi\u0219oara realiz\u00e2nd-se astfel un traseu care este pus la dispozi\u021bia publicului \u00een scop turistic. Harta este inclus\u0103 \u0219i \u00een catalogul tematic \u0219i este totodata disponibil\u0103 \u00een varianta electronic\u0103 pe <a href=\"https:\/\/neoarh.rockhouseevents.ro\/index.php\/harta\/\">site \u2013ul proiectului <\/a>\u0219i pe <a href=\"https:\/\/www.facebook.com\/NeoArhitectura\">pagina de socializare.<\/a><\/p>\n\n\n\n<p><\/p>\n<\/div>\n\n\n\n<div class=\"wp-block-column is-vertically-aligned-top is-layout-flow wp-block-column-is-layout-flow\">\n<h3 class=\"wp-block-heading\">Catalog tematic<\/h3>\n\n\n\n<p>Catalogul con\u021bine detalii si fotografii ale celor mai reprezentative cl\u0103diri \u00een stil neo-rom\u00e2nesc din Timi\u0219oara, conform studiului preliminar. Con\u021binutul narativ, redactarea textelor \u015fi a legendelor explicative, coordonarea selec\u0163iei, aranjarea \u015fi indexarea materialului iconografic este realizat\u0103 de c\u0103tre o echip\u0103 de speciali\u0219ti arhitec\u021bi, arti\u0219ti plastici \u0219i arti\u0219ti fotografi.<\/p>\n<\/div>\n<\/div>\n\n\n<div class=\"wp-block-image\">\n<figure class=\"aligncenter size-large is-resized\"><img loading=\"lazy\" decoding=\"async\" width=\"1024\" height=\"355\" src=\"https:\/\/neoarh.rockhouseevents.ro\/wp-content\/uploads\/2023\/11\/IMG_6471-1024x355.jpg\" alt=\"\" class=\"wp-image-38\" style=\"width:779px;height:auto\" srcset=\"https:\/\/neoarh.rockhouseevents.ro\/wp-content\/uploads\/2023\/11\/IMG_6471-1024x355.jpg 1024w, https:\/\/neoarh.rockhouseevents.ro\/wp-content\/uploads\/2023\/11\/IMG_6471-300x104.jpg 300w, https:\/\/neoarh.rockhouseevents.ro\/wp-content\/uploads\/2023\/11\/IMG_6471-768x267.jpg 768w, https:\/\/neoarh.rockhouseevents.ro\/wp-content\/uploads\/2023\/11\/IMG_6471-1536x533.jpg 1536w, https:\/\/neoarh.rockhouseevents.ro\/wp-content\/uploads\/2023\/11\/IMG_6471-2048x711.jpg 2048w, https:\/\/neoarh.rockhouseevents.ro\/wp-content\/uploads\/2023\/11\/IMG_6471-1568x544.jpg 1568w\" sizes=\"auto, (max-width: 1024px) 100vw, 1024px\" \/><\/figure>\n<\/div>\n\n\n<p><a href=\"https:\/\/timisoara2023.eu\/ro\/evenimente\/neo-arh-amprente-ale-stilului-neoromanesc-in-capitala-europeana-a-culturii\/\">https:\/\/timisoara2023.eu\/ro\/evenimente\/neo-arh-amprente-ale-stilului-neoromanesc-in-capitala-europeana-a-culturii\/<\/a><\/p>\n","protected":false},"excerpt":{"rendered":"<p>NEO-ARH Film Filmul documentar are o durat\u0103 de aproximativ 20 de minute \u0219i beneficiaz\u0103 de muzic\u0103 original\u0103. Tehnica folosit\u0103 pentru crearea documentarului con\u021bine elemente specifice de video-art pentru a accentua caracterul inedit \u0219i plurivalent al mesajului. Filmul este subtitrat \u00een limba englez\u0103. Expozi\u021bie Cele mai expresive dou\u0103zeci de fotografii machetate \u0219i panotate individual \u00een tablouri&hellip; <a class=\"more-link\" href=\"https:\/\/neoarh.rockhouseevents.ro\/\">Continue reading <span class=\"screen-reader-text\">Create your website with blocksdsaa<\/span><\/a><\/p>\n","protected":false},"author":1,"featured_media":0,"parent":0,"menu_order":0,"comment_status":"closed","ping_status":"closed","template":"","meta":{"footnotes":""},"class_list":["post-10","page","type-page","status-publish","hentry","entry"],"_links":{"self":[{"href":"https:\/\/neoarh.rockhouseevents.ro\/index.php\/wp-json\/wp\/v2\/pages\/10","targetHints":{"allow":["GET"]}}],"collection":[{"href":"https:\/\/neoarh.rockhouseevents.ro\/index.php\/wp-json\/wp\/v2\/pages"}],"about":[{"href":"https:\/\/neoarh.rockhouseevents.ro\/index.php\/wp-json\/wp\/v2\/types\/page"}],"author":[{"embeddable":true,"href":"https:\/\/neoarh.rockhouseevents.ro\/index.php\/wp-json\/wp\/v2\/users\/1"}],"replies":[{"embeddable":true,"href":"https:\/\/neoarh.rockhouseevents.ro\/index.php\/wp-json\/wp\/v2\/comments?post=10"}],"version-history":[{"count":10,"href":"https:\/\/neoarh.rockhouseevents.ro\/index.php\/wp-json\/wp\/v2\/pages\/10\/revisions"}],"predecessor-version":[{"id":82,"href":"https:\/\/neoarh.rockhouseevents.ro\/index.php\/wp-json\/wp\/v2\/pages\/10\/revisions\/82"}],"wp:attachment":[{"href":"https:\/\/neoarh.rockhouseevents.ro\/index.php\/wp-json\/wp\/v2\/media?parent=10"}],"curies":[{"name":"wp","href":"https:\/\/api.w.org\/{rel}","templated":true}]}}